What is the remainder when 59362 is divided by 19781?
19
Calculate the remainder when 777 is divided by 335.
107
What is the remainder when 98892 is divided by 95?
92
Calculate the remainder when 238613 is divided by 14.
11
Calculate the remainder when 133356 is divided by 33339.
0
What is the remainder when 617 is divided by 567?
50
Calculate the remainder when 41608 is divided by 1016.
968
Calculate the remainder when 62036 is divided by 12400.
36
What is the remainder when 36448 is divided by 93?
85
What is the remainder when 11287 is divided by 95?
77
Calculate the remainder when 62881 is divided by 398.
395
What is the remainder when 7169 is divided by 477?
14
Calculate the remainder when 995685 is divided by 30172.
9
What is the remainder when 47927 is divided by 773?
1
Calculate the remainder when 11421 is divided by 204.
201
Calculate the remainder when 101606 is divided by 149.
137
Calculate the remainder when 19161 is divided by 9563.
35
Calculate the remainder when 98822 is divided by 21.
17
Calculate the remainder when 32910 is divided by 140.
10
Calculate the remainder when 72764 is divided by 140.
104
What is the remainder when 3591 is divided by 248?
119
What is the remainder when 48714 is divided by 19?
17
What is the remainder when 116278 is divided by 58137?
4
Calculate the remainder when 174956 is divided by 648.
644
What is the remainder when 10693 is divided by 20?
13
Calculate the remainder when 162320 is divided by 177.
11
Calculate the remainder when 2050 is divided by 187.
180
Calculate the remainder when 882 is divided by 280.
42
What is the remainder when 7512 is divided by 684?
672
What is the remainder when 6073 is divided by 38?
31
What is the remainder when 464 is divided by 130?
74
Calculate the remainder when 322266 is divided by 40283.
2
Calculate the remainder when 40946 is divided by 45.
41
Calculate the remainder when 964 is divided by 449.
66
Calculate the remainder when 41602 is divided by 1602.
1552
Calculate the remainder when 942700 is divided by 118.
116
What is the remainder when 6319 is divided by 175?
19
Calculate the remainder when 450963 is divided by 95.
93
Calculate the remainder when 2223 is divided by 487.
275
Calculate the remainder when 222091 is divided by 295.
251
Calculate the remainder when 134335 is divided by 1385.
1375
Calculate the remainder when 539985 is divided by 204.
201
Calculate the remainder when 8382 is divided by 8350.
32
Calculate the remainder when 16632 is divided by 2754.
108
What is the remainder when 14934 is divided by 3702?
126
What is the remainder when 9127 is divided by 3951?
1225
What is the remainder when 734373 is divided by 122390?
33
Calculate the remainder when 13475 is divided by 38.
23
What is the remainder when 1307 is divided by 439?
429
What is the remainder when 312154 is divided by 897?
895
Calculate the remainder when 9226 is divided by 615.
1
What is the remainder when 873 is divided by 56?
33
What is the remainder when 3337 is divided by 21?
19
Calculate the remainder when 235764 is divided by 61.
60
What is the remainder when 5138 is divided by 6?
2
What is the remainder when 63054 is divided by 28?
26
Calculate the remainder when 165715 is divided by 82857.
1
Calculate the remainder when 2107 is divided by 473.
215
What is the remainder when 69626 is divided by 4?
2
Calculate the remainder when 10156 is divided by 261.
238
What is the remainder when 4753 is divided by 227?
213
Calculate the remainder when 29539 is divided by 158.
151
What is the remainder when 3951 is divided by 1870?
211
Calculate the remainder when 201 is divided by 94.
13
What is the remainder when 307719 is divided by 153859?
1
What is the remainder when 53612 is divided by 2?
0
Calculate the remainder when 15257 is divided by 1795.
897
What is the remainder when 66419 is divided by 162?
161
What is the remainder when 2800 is divided by 427?
238
What is the remainder when 16742 is divided by 36?
2
Calculate the remainder when 2348 is divided by 1494.
854
Calculate the remainder when 169148 is divided by 301.
287
Calculate the remainder when 31103 is divided by 1228.
403
Calculate the remainder when 3831 is divided by 385.
366
What is the remainder when 33464 is divided by 165?
134
What is the remainder when 129262 is divided by 44?
34
What is the remainder when 14923998 is divided by 20?
18
Calculate the remainder when 45274 is divided by 161.
33
What is the remainder when 3332 is divided by 957?
461
What is the remainder when 2255 is divided by 2140?
115
What is the remainder when 10348 is divided by 1569?
934
What is the remainder when 4438714 is divided by 22?
16
Calculate the remainder when 99888 is divided by 209.
195
What is the remainder when 30924 is divided by 578?
290
What is the remainder when 14339 is divided by 5?
4
Calculate the remainder when 119369 is divided by 487.
54
What is the remainder when 4323 is divided by 4009?
314
Calculate the remainder when 638197 is divided by 27.
25
What is the remainder when 1649 is divided by 14?
11
What is the remainder when 18220 is divided by 153?
13
What is the remainder when 45323 is divided by 3474?
161
Calculate the remainder when 18600 is divided by 9299.
2
Calculate the remainder when 6491 is divided by 1294.
21
What is the remainder when 315 is divided by 118?
79
What is the remainder when 85625 is divided by 142?
141
What is the remainder when 24695 is divided by 915?
905
Calculate the remainder when 1173 is divided by 550.
73
What is the remainder when 60773 is divided by 3574?
15
What is the remainder when 20886 is divided by 25?
11
Calculate the remainder when 97661 is divided by 218.
215
Calculate the remainder when 6098 is divided by 882.
806
Calculate the remainder when 3065 is divided by 449.
371
Calculate the remainder when 6549194 is divided by 5.
4
Calculate the remainder when 20307 is divided by 602.
441
Calculate the remainder when 15233 is divided by 53.
22
What is the remainder when 219352 is divided by 219325?
27
Calculate the remainder when 3660 is divided by 230.
210
What is the remainder when 152251 is divided by 37?
33
Calculate the remainder when 2844 is divided by 62.
54
What is the remainder when 5269 is divided by 1619?
412
What is the remainder when 20634 is divided by 435?
189
What is the remainder when 29633 is divided by 447?
131
Calculate the remainder when 929 is divided by 126.
47
What is the remainder when 4655 is divided by 918?
65
Calculate the remainder when 121078 is divided by 25.
3
Calculate the remainder when 715724 is divided by 13.
9
What is the remainder when 253039 is divided by 639?
634
Calculate the remainder when 76863 is divided by 642.
465
Calculate the remainder when 1524 is divided by 140.
124
What is the remainder when 140119 is divided by 144?
7
What is the remainder when 95282 is divided by 92?
62
What is the remainder when 68745 is divided by 7637?
12
What is the remainder when 152304 is divided by 152?
0
Calculate the remainder when 8007 is divided by 3912.
183
Calculate the remainder when 1581 is divided by 430.
291
What is the remainder when 360428 is divided by 1137?
1136
Calculate the remainder when 71912 is divided by 30.
2
What is the remainder when 593173 is divided by 13?
9
Calculate the remainder when 159 is divided by 101.
58
What is the remainder when 7116 is divided by 341?
296
What is the remainder when 99149 is divided by 69?
65
What is the remainder when 3824 is divided by 58?
54
What is the remainder when 3783 is divided by 161?
80
What is the remainder when 917745 is divided by 46?
45
What is the remainder when 2938 is divided by 209?
12
What is the remainder when 8889 is divided by 2186?
145
Calculate the remainder when 618 is divided by 16.
10
What is the remainder when 592910 is divided by 16?
14
What is the remainder when 35238 is divided by 95?
88
Calculate the remainder when 5677 is divided by 266.
91
What is the remainder when 374345 is divided by 6932?
17
Calculate the remainder when 1314717 is divided by 495.
492
Calculate the remainder when 2850 is divided by 1140.
570
Calculate the remainder when 154648 is divided by 69.
19
Calculate the remainder when 34834 is divided by 17335.
164
Calculate the remainder when 1664 is divided b